{"id":8,"date":"2024-05-06T10:23:00","date_gmt":"2024-05-06T10:23:00","guid":{"rendered":"https:\/\/laboutiquedelalumino.deditec.dev\/?page_id=8"},"modified":"2024-05-10T06:21:04","modified_gmt":"2024-05-10T06:21:04","slug":"home","status":"publish","type":"page","link":"https:\/\/laboutiquedelalumino.deditec.dev\/","title":{"rendered":"Home"},"content":{"rendered":"\t\t<div data-elementor-type=\"wp-page\" data-elementor-id=\"8\" class=\"elementor elementor-8\" data-elementor-post-type=\"page\">\n\t\t\t\t<div class=\"elementor-element elementor-element-f330337 e-con-full e-flex wpr-particle-no wpr-jarallax-no wpr-parallax-no wpr-sticky-section-no e-con e-parent\" data-id=\"f330337\" data-element_type=\"container\" data-settings=\"{&quot;background_background&quot;:&quot;video&quot;,&quot;background_video_link&quot;:&quot;https:\\\/\\\/laboutiquedelalumino.deditec.dev\\\/wp-content\\\/uploads\\\/2024\\\/05\\\/202405071247-4-1.mp4&quot;}\">\n\t\t<div class=\"elementor-background-video-container elementor-hidden-phone\">\n\t\t\t\t\t\t\t<video class=\"elementor-background-video-hosted elementor-html5-video\" autoplay muted playsinline loop><\/video>\n\t\t\t\t\t<\/div>\t\t<div class=\"elementor-element elementor-element-98ea025 elementor-widget elementor-widget-heading\" data-id=\"98ea025\" data-element_type=\"widget\" data-widget_type=\"heading.default\">\n\t\t\t\t<div class=\"elementor-widget-container\">\n\t\t\t<style>\/*! elementor - v3.21.0 - 30-04-2024 *\/\n.elementor-heading-title{padding:0;margin:0;line-height:1}.elementor-widget-heading .elementor-heading-title[class*=elementor-size-]>a{color:inherit;font-size:inherit;line-height:inherit}.elementor-widget-heading .elementor-heading-title.elementor-size-small{font-size:15px}.elementor-widget-heading .elementor-heading-title.elementor-size-medium{font-size:19px}.elementor-widget-heading .elementor-heading-title.elementor-size-large{font-size:29px}.elementor-widget-heading .elementor-heading-title.elementor-size-xl{font-size:39px}.elementor-widget-heading .elementor-heading-title.elementor-size-xxl{font-size:59px}<\/style><h1 class=\"elementor-heading-title elementor-size-default\">LA BOUTIQUE <BR> DEL ALUMINIO<\/h1>\t\t<\/div>\n\t\t\t\t<\/div>\n\t\t\t\t<\/div>\n\t\t<div class=\"elementor-element elementor-element-305c029 e-flex e-con-boxed wpr-particle-no wpr-jarallax-no wpr-parallax-no wpr-sticky-section-no e-con e-parent\" data-id=\"305c029\" data-element_type=\"container\" data-settings=\"{&quot;background_background&quot;:&quot;classic&quot;}\">\n\t\t\t\t\t<div class=\"e-con-inner\">\n\t\t\t\t<div class=\"elementor-element elementor-element-1a85a57 elementor-widget elementor-widget-eael-fancy-text\" data-id=\"1a85a57\" data-element_type=\"widget\" data-widget_type=\"eael-fancy-text.default\">\n\t\t\t\t<div class=\"elementor-widget-container\">\n\t\t\t\n\t<div  class=\"eael-fancy-text-container style-1\" data-fancy-text-id=\"1a85a57\" data-fancy-text=\"|Siempre atendiendo  a  las necesidades de  nuestros clientes, desde  una simple reparaci\u00f3n\" data-fancy-text-transition-type=\"typing\" data-fancy-text-speed=\"50\" data-fancy-text-delay=\"2500\" data-fancy-text-cursor=\"yes\" data-fancy-text-loop=\"yes\" >\n\t\t\n\t\t\n\t\t\t\t\t<span id=\"eael-fancy-text-1a85a57\" class=\"eael-fancy-text-strings solid-color\">\n\t\t\t\t<noscript>\n\t\t\t\t\tSiempre atendiendo  a  las necesidades de  nuestros clientes, desde  una simple reparaci\u00f3n\t\t\t\t<\/noscript>\n\t\t\t<\/span>\n\t\t\n\t\t\t<\/div><!-- close .eael-fancy-text-container -->\n\n\t<div class=\"clearfix\"><\/div>\n\n\t\t\t<\/div>\n\t\t\t\t<\/div>\n\t\t\t\t\t<\/div>\n\t\t\t\t<\/div>\n\t\t<div class=\"elementor-element elementor-element-ede5b86 e-con-full e-flex wpr-particle-no wpr-jarallax-no wpr-parallax-no wpr-sticky-section-no e-con e-parent\" data-id=\"ede5b86\" data-element_type=\"container\">\n\t\t<div class=\"elementor-element elementor-element-4b04602c e-con-full e-flex wpr-particle-no wpr-jarallax-no wpr-parallax-no wpr-sticky-section-no e-con e-child\" data-id=\"4b04602c\" data-element_type=\"container\" data-settings=\"{&quot;background_background&quot;:&quot;classic&quot;}\">\n\t\t\t\t<div class=\"elementor-element elementor-element-b085893 elementor-widget elementor-widget-heading\" data-id=\"b085893\" data-element_type=\"widget\" data-widget_type=\"heading.default\">\n\t\t\t\t<div class=\"elementor-widget-container\">\n\t\t\t<h2 class=\"elementor-heading-title elementor-size-default\">M\u00c1S DE 20 A\u00d1OS A SU SERVICIO<\/h2>\t\t<\/div>\n\t\t\t\t<\/div>\n\t\t\t\t<div class=\"elementor-element elementor-element-ff053c7 elementor-widget elementor-widget-spacer\" data-id=\"ff053c7\" data-element_type=\"widget\" data-widget_type=\"spacer.default\">\n\t\t\t\t<div class=\"elementor-widget-container\">\n\t\t\t<style>\/*! elementor - v3.21.0 - 30-04-2024 *\/\n.elementor-column .elementor-spacer-inner{height:var(--spacer-size)}.e-con{--container-widget-width:100%}.e-con-inner>.elementor-widget-spacer,.e-con>.elementor-widget-spacer{width:var(--container-widget-width,var(--spacer-size));--align-self:var(--container-widget-align-self,initial);--flex-shrink:0}.e-con-inner>.elementor-widget-spacer>.elementor-widget-container,.e-con>.elementor-widget-spacer>.elementor-widget-container{height:100%;width:100%}.e-con-inner>.elementor-widget-spacer>.elementor-widget-container>.elementor-spacer,.e-con>.elementor-widget-spacer>.elementor-widget-container>.elementor-spacer{height:100%}.e-con-inner>.elementor-widget-spacer>.elementor-widget-container>.elementor-spacer>.elementor-spacer-inner,.e-con>.elementor-widget-spacer>.elementor-widget-container>.elementor-spacer>.elementor-spacer-inner{height:var(--container-widget-height,var(--spacer-size))}.e-con-inner>.elementor-widget-spacer.elementor-widget-empty,.e-con>.elementor-widget-spacer.elementor-widget-empty{position:relative;min-height:22px;min-width:22px}.e-con-inner>.elementor-widget-spacer.elementor-widget-empty .elementor-widget-empty-icon,.e-con>.elementor-widget-spacer.elementor-widget-empty .elementor-widget-empty-icon{position:absolute;top:0;bottom:0;left:0;right:0;margin:auto;padding:0;width:22px;height:22px}<\/style>\t\t<div class=\"elementor-spacer\">\n\t\t\t<div class=\"elementor-spacer-inner\"><\/div>\n\t\t<\/div>\n\t\t\t\t<\/div>\n\t\t\t\t<\/div>\n\t\t\t\t<div class=\"elementor-element elementor-element-38ae8f1 elementor-align-center elementor-widget elementor-widget-button\" data-id=\"38ae8f1\" data-element_type=\"widget\" data-widget_type=\"button.default\">\n\t\t\t\t<div class=\"elementor-widget-container\">\n\t\t\t\t\t<div class=\"elementor-button-wrapper\">\n\t\t\t<a class=\"elementor-button elementor-button-link elementor-size-sm elementor-animation-shrink\" href=\"https:\/\/laboutiquedelalumino.deditec.dev\/index.php\/servicios\/\">\n\t\t\t\t\t\t<span class=\"elementor-button-content-wrapper\">\n\t\t\t\t\t\t\t\t\t<span class=\"elementor-button-text\">Servicios<\/span>\n\t\t\t\t\t<\/span>\n\t\t\t\t\t<\/a>\n\t\t<\/div>\n\t\t\t\t<\/div>\n\t\t\t\t<\/div>\n\t\t\t\t<\/div>\n\t\t\t\t<\/div>\n\t\t<div class=\"elementor-element elementor-element-b51c637 e-flex e-con-boxed wpr-particle-no wpr-jarallax-no wpr-parallax-no wpr-sticky-section-no e-con e-parent\" data-id=\"b51c637\" data-element_type=\"container\">\n\t\t\t\t\t<div class=\"e-con-inner\">\n\t\t\t\t<div class=\"elementor-element elementor-element-ff762ff elementor-widget elementor-widget-spacer\" data-id=\"ff762ff\" data-element_type=\"widget\" data-widget_type=\"spacer.default\">\n\t\t\t\t<div class=\"elementor-widget-container\">\n\t\t\t\t\t<div class=\"elementor-spacer\">\n\t\t\t<div class=\"elementor-spacer-inner\"><\/div>\n\t\t<\/div>\n\t\t\t\t<\/div>\n\t\t\t\t<\/div>\n\t\t\t\t\t<\/div>\n\t\t\t\t<\/div>\n\t\t\t\t<\/div>\n\t\t","protected":false},"excerpt":{"rendered":"<p>LA BOUTIQUE DEL ALUMINIO Siempre atendiendo a las necesidades de nuestros clientes, desde una simple reparaci\u00f3n M\u00c1S DE 20 A\u00d1OS A SU SERVICIO Servicios<\/p>\n","protected":false},"author":1,"featured_media":0,"parent":0,"menu_order":0,"comment_status":"closed","ping_status":"closed","template":"","meta":{"footnotes":""},"class_list":["post-8","page","type-page","status-publish","hentry"],"yoast_head":"<!-- This site is optimized with the Yoast SEO plugin v22.6 - https:\/\/yoast.com\/wordpress\/plugins\/seo\/ -->\n<title>home - La Boutique del Aluminio<\/title>\n<meta name=\"description\" content=\"En La Boutique del Aluminio, no solo nos dedicamos a transformar tu entorno, sino que lo hacemos con pasi\u00f3n y dedicaci\u00f3n.\" \/>\n<meta name=\"robots\" content=\"index, follow, max-snippet:-1, max-image-preview:large, max-video-preview:-1\" \/>\n<link rel=\"canonical\" href=\"https:\/\/laboutiquedelalumino.deditec.dev\/\" \/>\n<meta property=\"og:locale\" content=\"es_ES\" \/>\n<meta property=\"og:type\" content=\"article\" \/>\n<meta property=\"og:title\" content=\"home - La Boutique del Aluminio\" \/>\n<meta property=\"og:description\" content=\"En La Boutique del Aluminio, no solo nos dedicamos a transformar tu entorno, sino que lo hacemos con pasi\u00f3n y dedicaci\u00f3n.\" \/>\n<meta property=\"og:url\" content=\"https:\/\/laboutiquedelalumino.deditec.dev\/\" \/>\n<meta property=\"article:modified_time\" content=\"2024-05-10T06:21:04+00:00\" \/>\n<meta name=\"twitter:card\" content=\"summary_large_image\" \/>\n<meta name=\"twitter:label1\" content=\"Tiempo de lectura\" \/>\n\t<meta name=\"twitter:data1\" content=\"1 minuto\" \/>\n<script type=\"application\/ld+json\" class=\"yoast-schema-graph\">{\"@context\":\"https:\/\/schema.org\",\"@graph\":[{\"@type\":\"WebPage\",\"@id\":\"https:\/\/laboutiquedelalumino.deditec.dev\/\",\"url\":\"https:\/\/laboutiquedelalumino.deditec.dev\/\",\"name\":\"home - La Boutique del Aluminio\",\"isPartOf\":{\"@id\":\"https:\/\/laboutiquedelalumino.deditec.dev\/#website\"},\"datePublished\":\"2024-05-06T10:23:00+00:00\",\"dateModified\":\"2024-05-10T06:21:04+00:00\",\"description\":\"En La Boutique del Aluminio, no solo nos dedicamos a transformar tu entorno, sino que lo hacemos con pasi\u00f3n y dedicaci\u00f3n.\",\"breadcrumb\":{\"@id\":\"https:\/\/laboutiquedelalumino.deditec.dev\/#breadcrumb\"},\"inLanguage\":\"es\",\"potentialAction\":[{\"@type\":\"ReadAction\",\"target\":[\"https:\/\/laboutiquedelalumino.deditec.dev\/\"]}]},{\"@type\":\"BreadcrumbList\",\"@id\":\"https:\/\/laboutiquedelalumino.deditec.dev\/#breadcrumb\",\"itemListElement\":[{\"@type\":\"ListItem\",\"position\":1,\"name\":\"Portada\",\"item\":\"https:\/\/laboutiquedelalumino.deditec.dev\/\"},{\"@type\":\"ListItem\",\"position\":2,\"name\":\"Home\"}]},{\"@type\":\"WebSite\",\"@id\":\"https:\/\/laboutiquedelalumino.deditec.dev\/#website\",\"url\":\"https:\/\/laboutiquedelalumino.deditec.dev\/\",\"name\":\"\",\"description\":\"\",\"potentialAction\":[{\"@type\":\"SearchAction\",\"target\":{\"@type\":\"EntryPoint\",\"urlTemplate\":\"https:\/\/laboutiquedelalumino.deditec.dev\/?s={search_term_string}\"},\"query-input\":\"required name=search_term_string\"}],\"inLanguage\":\"es\"}]}<\/script>\n<!-- \/ Yoast SEO plugin. -->","yoast_head_json":{"title":"home - La Boutique del Aluminio","description":"En La Boutique del Aluminio, no solo nos dedicamos a transformar tu entorno, sino que lo hacemos con pasi\u00f3n y dedicaci\u00f3n.","robots":{"index":"index","follow":"follow","max-snippet":"max-snippet:-1","max-image-preview":"max-image-preview:large","max-video-preview":"max-video-preview:-1"},"canonical":"https:\/\/laboutiquedelalumino.deditec.dev\/","og_locale":"es_ES","og_type":"article","og_title":"home - La Boutique del Aluminio","og_description":"En La Boutique del Aluminio, no solo nos dedicamos a transformar tu entorno, sino que lo hacemos con pasi\u00f3n y dedicaci\u00f3n.","og_url":"https:\/\/laboutiquedelalumino.deditec.dev\/","article_modified_time":"2024-05-10T06:21:04+00:00","twitter_card":"summary_large_image","twitter_misc":{"Tiempo de lectura":"1 minuto"},"schema":{"@context":"https:\/\/schema.org","@graph":[{"@type":"WebPage","@id":"https:\/\/laboutiquedelalumino.deditec.dev\/","url":"https:\/\/laboutiquedelalumino.deditec.dev\/","name":"home - La Boutique del Aluminio","isPartOf":{"@id":"https:\/\/laboutiquedelalumino.deditec.dev\/#website"},"datePublished":"2024-05-06T10:23:00+00:00","dateModified":"2024-05-10T06:21:04+00:00","description":"En La Boutique del Aluminio, no solo nos dedicamos a transformar tu entorno, sino que lo hacemos con pasi\u00f3n y dedicaci\u00f3n.","breadcrumb":{"@id":"https:\/\/laboutiquedelalumino.deditec.dev\/#breadcrumb"},"inLanguage":"es","potentialAction":[{"@type":"ReadAction","target":["https:\/\/laboutiquedelalumino.deditec.dev\/"]}]},{"@type":"BreadcrumbList","@id":"https:\/\/laboutiquedelalumino.deditec.dev\/#breadcrumb","itemListElement":[{"@type":"ListItem","position":1,"name":"Portada","item":"https:\/\/laboutiquedelalumino.deditec.dev\/"},{"@type":"ListItem","position":2,"name":"Home"}]},{"@type":"WebSite","@id":"https:\/\/laboutiquedelalumino.deditec.dev\/#website","url":"https:\/\/laboutiquedelalumino.deditec.dev\/","name":"","description":"","potentialAction":[{"@type":"SearchAction","target":{"@type":"EntryPoint","urlTemplate":"https:\/\/laboutiquedelalumino.deditec.dev\/?s={search_term_string}"},"query-input":"required name=search_term_string"}],"inLanguage":"es"}]}},"_links":{"self":[{"href":"https:\/\/laboutiquedelalumino.deditec.dev\/index.php\/wp-json\/wp\/v2\/pages\/8","targetHints":{"allow":["GET"]}}],"collection":[{"href":"https:\/\/laboutiquedelalumino.deditec.dev\/index.php\/wp-json\/wp\/v2\/pages"}],"about":[{"href":"https:\/\/laboutiquedelalumino.deditec.dev\/index.php\/wp-json\/wp\/v2\/types\/page"}],"author":[{"embeddable":true,"href":"https:\/\/laboutiquedelalumino.deditec.dev\/index.php\/wp-json\/wp\/v2\/users\/1"}],"replies":[{"embeddable":true,"href":"https:\/\/laboutiquedelalumino.deditec.dev\/index.php\/wp-json\/wp\/v2\/comments?post=8"}],"version-history":[{"count":185,"href":"https:\/\/laboutiquedelalumino.deditec.dev\/index.php\/wp-json\/wp\/v2\/pages\/8\/revisions"}],"predecessor-version":[{"id":435,"href":"https:\/\/laboutiquedelalumino.deditec.dev\/index.php\/wp-json\/wp\/v2\/pages\/8\/revisions\/435"}],"wp:attachment":[{"href":"https:\/\/laboutiquedelalumino.deditec.dev\/index.php\/wp-json\/wp\/v2\/media?parent=8"}],"curies":[{"name":"wp","href":"https:\/\/api.w.org\/{rel}","templated":true}]}}